 is divided by 43.
39
Calculate the remainder when 68 is divided by (-24)/(190/20 + -10).
20
Let z = -1278 + 1692. Calculate the remainder when 2075 is divided by z.
5
Let z(m) = -6 - 8*m + 2*m + 4. Suppose 31*p - 2031 - 1116 - 883 = 0. What is the remainder when p is divided by z(-4)?
20
What is the remainder when (-2)/(12/21)*-2622 is divided by 54?
51
Suppose 4*j = 2*u + 22, j - 2 = 3*u + 6. Suppose -j*s - 3*v - 150 = 0, 84 = -s - 2*s - 3*v. Calculate the remainder when 24 is divided by 11/(s/(-30)) + -3.
3
Let l be -3*1 - 2016/(-16). Let m = 127 - l. Let a = 11 - 9. Calculate the remainder when m is divided by a.
0
Suppose 5*x - 5*o - 1134 = 931, 403 = x + o. Calculate the remainder when x is divided by 182.
44
Let w(a) = -2*a**3 + 55*a**2 + 44*a - 729. What is the remainder when w(27) is divided by 234?
18
Let h = -304 - -339. Let i(m) = -m**3 - m**2 + m + 76. Let w be i(0). Suppose 0 = q + 3*q - w. What is the remainder when h is divided by q?
16
Suppose 0*w - 9 = -w. Let b(n) = n**2 + 20*n + 104. What is the remainder when b(-6) is divided by w?
2
Let x(d) = 3*d**2 + 116*d + 480. Calculate the remainder when x(-36) is divided by 70.
52
Suppose 11*o - 1317 - 1323 = 0. Suppose 9*p - 17*p + o = 0. What is the remainder when 118 is divided by p?
28
Let l(f) = f**3 - 14*f**2 + 27*f - 33. Let c be l(12). Suppose r = -p + 41, 7*r - c*r + 61 = p. What is the remainder when p is divided by 8?
5
Suppose 3*u = u + 16. Suppose u*i - 168 = -13*i. Suppose 4*d = -d + 115. Calculate the remainder when d is divided by i.
7
Let q(b) = -2*b - 89 - 15 - b. Let o(f) = f + 35. Let x(i) = -17*o(i) - 6*q(i). What is the remainder when x(9) is divided by 21?
17
Let d = 21617 - 21592. What is the remainder when (-4)/2 - (-71 + -1) is divided by d?
20
Let u be (-160)/(-3)*3*(-1 + 0). Let m = -112 - u. Calculate the remainder when (-12)/(-18)*(-558)/(-4) is divided by m.
45
Suppose -7*c + 80 = -2*c. Let h = -6 + c. Let x = 247 - 128. Calculate the remainder when x is divided by h.
9
Let q(t) = 182*t**2 - 73 - 75 + 140 - 7*t. Calculate the remainder when q(-1) is divided by 37.
33
Let n = -139 + 151. Suppose 3*g - 5*x = 63, -g = 5*x - 12 - 9. What is the remainder when (-17)/((-153)/30)*1*n is divided by g?
19
Let u = 10512 - 9410. Calculate the remainder when u is divided by 15.
7
Let s = 1374 + -1285. What is the remainder when s is divided by 25?
14
What is the remainder when (6/(-30)*10)/(3/(-1758)) is divided by 98?
94
Let y(s) = -86*s - 1244. What is the remainder when y(-18) is divided by 44?
40
Let g(k) = 20*k + 219. Suppose -3*t = 3*x + 6, 0*t = 5*t + 3*x. What is the remainder when g(-6) is divided by t?
0
Let p = 15358 + -15249. Calculate the remainder when 735 is divided by p.
81
Let k = 0 - -15. Let l(b) = -b**2 + 24*b + 325. Let g(o) = -78*o - 45. Let t be g(-1). What is the remainder when l(t) is divided by k?
13
Let u = 1666 + -1658. Let y = 95 + -58. What is the remainder when y is divided by u?
5
Let i(w) = -w**2 + 11*w - 20. Let d(k) = -k**2 + 5. Let y be d(0). Suppose 3*o - 26 = -h, 2*h = y*h - 15. Calculate the remainder when 38 is divided by i(o).
6
Let y(n) = 15*n - 4. Let q be y(6). Let f = q - 146. Let r = f - -83. Calculate the remainder when r is divided by 8.
7
Let q(t) = 10*t**2 + 61*t + 42. Let k = 2 - -21. What is the remainder when q(-7) is divided by k?
13
Suppose 7*t - 6*t - 2*h - 28 = 0, 15 = 3*h. What is the remainder when 217 is divided by ((-209)/t)/(1/(2 - 6))?
19
Suppose 21*f = 23*f - 46. Let s be ((-1)/3)/(f/(-207)). Suppose 0 = s*m + 12 - 42. Calculate the remainder when 59 is divided by m.
9
Let f = 1521 - 1501. Suppose 0 = 4*s - 43 - 69. Let j = -17 + s. What is the remainder when f is divided by j?
9
Let v(c) = 40*c**2 - 2*c + 1. Suppose -3406*j + 476 = -3392*j. What is the remainder when v(-2) is divided by j?
29
Suppose 3*u + 480 = k - 2186, 10692 = 4*k + 2*u. Calculate the remainder when k is divided by 107.
104
Let x(u) = u**2 + 46*u + 192. Calculate the remainder when 2327 is divided by x(-42).
23
Let u(s) = -s**3 + s**2 + s + 1. Let q be u(4). Let i = q + 45. Suppose 0*o + 4*o = -i*a + 28, 0 = -4*a + 16. What is the remainder when 21 is divided by o?
1
Suppose 2*o = -4, g - 46 = -10*o + 5*o. Suppose 2 = -3*d + 17, 4*j - 23 = 5*d. Calculate the remainder when g is divided by j.
8
Suppose -a = 5*f + 8, f - 8 = -3*a + 2*f. Suppose 0*h = a*h - 50. Calculate the remainder when ((-1)/(-1) - -81)/(1640/2460) is divided by h.
23
Let h(j) be the first derivative of j**4/2 - j**3 - 5*j**2 - 7*j + 18. Calculate the remainder when h(4) is divided by 17.
16
Suppose -c + 80 = -5*h, -592 = -5*c - 19*h + 20*h. What is the remainder when 13557 is divided by c?
117
Let m(x) = x**2 + 34*x - 12. Let g be m(-16). Let c = g - -319. Calculate the remainder when 102 is divided by c.
7
Let z(l) = 3*l**2 + 8*l - 626. Suppose -4*m = n - 13 - 989, -2*m + 512 = -5*n. Calculate the remainder when m is divided by z(-16).
13
Let d(x) = 3*x + 5. Let b(g) = -g**3 + 12*g**2 - 92*g + 854. Calculate the remainder when b(10) is divided by d(5).
14
Suppose -2*l - t = -1429, 4*l - 3*l = -4*t + 711. Calculate the remainder when l is divided by 10.
5
Suppose -3*d + 4*w - 1 + 0 = 0, -3*d + 23 = 2*w. Let t = -1 + 3. Calculate the remainder when (-3568)/(-80) + t/d is divided by 8.
5
Suppose 614 + 1573 = -3*y. Let x = -482 - y. Calculate the remainder when x is divided by 85.
77
Let m(a) = a**3 - 3*a**2 + a. Let o be m(2). What is the remainder when ((-6)/(-8))/((-9)/(-1230)) + 111/(-74) is divided by 198/7 - o/(-7)?
17
Suppose 0 = 5*s - 12 - 38. Let n = -6 + s. Let q = 22917 + -22892. What is the remainder when q is divided by n?
1
Let r(a) = 2158*a - 1266. What is the remainder when r(1) is divided by 77?
45
Let l(j) = 2*j**2 + 5*j. Let r be 18/((-18)/3)*(-16)/(-12). Calculate the remainder when 83 is divided by l(r).
11
Suppose -6*b + 68 = -2*b. Let m = 51 - b. Calculate the remainder when m is divided by 11.
1
Let y(m) = -131*m**3 - 10*m**2 - 6*m - 6. Let a be y(-2). Suppose -2666 = -32*q + a. Calculate the remainder when q is divided by 13.
11
Let d be ((1*-2)/(-2))/(11/154). Let h(j) = 6*j**2 + 7*j**2 - d*j**2 - 17 + 20*j. What is the remainder when 91 is divided by h(16)?
44
Let j(d) = 373*d - 301. What is the remainder when j(4) is divided by 397?
0
Suppose s + 12 = -2*r, 0 = s + 4*s + 3*r + 46. Calculate the remainder when (12 - 2)/((-2)/(-4)) is divided by (s/(-6))/((-16)/(-132)).
9
Let l(c) = 9*c + 127. Let j be l(-9). Suppose 4*n - 2*z - j = 142, -4*n + 176 = -5*z. Calculate the remainder when 243 is divided by n.
47
Let j(g) = -2*g**3 + 24*g**2 - 9*g + 3. Let y(h) = -h**2 - h. Let b(w) = -j(w) - 3*y(w). What is the remainder when 24 is divided by b(10)?
7
Suppose -30*f - 5*t - 813 = -32*f, 0 = -3*f + t + 1239. Suppose -2*k + 4*k + 690 = 5*g, -5*k = -3*g + f. What is the remainder when g is divided by 16?
10
Let f = 1123 - 962. What is the remainder when 487 is divided by f?
4
Let c(z) = -185*z + 22036. Suppose -1004 = -i - 2*i - 5*u, -4*u + 4 = 0. What is the remainder when i is divided by c(119)?
18
Let b = 219 - 152. Suppose -b = -k - 0*k. Let h(d) = -4*d**2 - 84*d - 115. Calculate the remainder when k is divided by h(-19).
30
Let i(a) = -a**3 - 26*a**2 - 14*a + 77. Let q be i(-25). Let c = q - -258. What is the remainder when c is divided by 18?
6
Suppose 11*w - 6*w = 40. Suppose 4*c = w*c - 132. Let o = c + -25. Calculate the remainder when 28 is divided by o.
4
Calculate the remainder when 5/(-1) - (-1169 - 5 - 14) is divided by 32.
31
Let b(j) = 7*j + 4. Let i = -166 - 678. Let r = i + 858. Calculate the remainder when b(5) is divided by r.
11
Let s = 1255 + -625. Calculate the remainder when s is divided by 67.
27
Let w be 6/(-21) - 562/(-7). Let s = w - 28. Calculate the remainder when 116 is divided by (4 - 1)*s/4.
38
Let x be 4/(-20) + (-7140)/25*-2. Suppose x = 3*a + 2*u, 2*a - 5*a + 2*u = -575. What is the remainder when a is divided by 67?
57
Suppose 15*n = -25583 + 27098. Calculate the remainder when 287 is divided by n.
85
Let i(x) = 2*x**2 + 62*x - 219. Calculate the remainder when 3291 is divided by i(-35).
58
Let s(r) = r**2 - 2*r - 1. Let j(n) = n**3 - 5*n**2 + 3*n - 42. What is the remainder when j(6) is divided by s(-2)?